Is 242661 a multiple of 87?
False
Does 31 divide 1886824?
False
Does 7 divide 389613?
True
Does 656 divide 1029162?
False
Is 70 a factor of 2372114?
False
Is 14 a factor of 281036?
True
Is 175831 a multiple of 126?
False
Is 341 a factor of 28985?
True
Is 10 a factor of 1057112?
False
Does 3 divide 59548?
False
Is 1214 a factor of 1376313?
False
Is 37179 a multiple of 243?
True
Is 15 a factor of 1598625?
True
Does 13 divide 408993?
True
Does 11 divide 412437?
False
Does 24 divide 36624?
True
Is 5809 a multiple of 141?
False
Does 101 divide 70652?
False
Is 48 a factor of 105963?
False
Is 81 a factor of 255134?
False
Is 44 a factor of 27360?
False
Is 488655 even?
False
Is 8 a factor of 6120?
True
Does 66 divide 89496?
True
Is 334264 a multiple of 29?
False
Does 54 divide 18090?
True
Is 1050 a factor of 826350?
True
Is 18 a factor of 1752696?
True
Is 20 a factor of 50160?
True
Is 61 a factor of 220942?
True
Is 260 a factor of 2346033?
False
Does 158 divide 8251754?
False
Is 15 a factor of 12045?
True
Is 237 a factor of 5157371?
False
Does 475 divide 111672?
False
Is 114 a factor of 1239180?
True
Is 49 a factor of 363384?
True
Does 45 divide 20772?
False
Is 38 a factor of 1817838?
False
Is 756 a factor of 909994?
False
Is 310581 a multiple of 3?
True
Is 246981 a multiple of 7?
True
Does 29 divide 58972?
False
Does 45 divide 40320?
True
Is 9499 a multiple of 32?
False
Is 4 a factor of 27895?
False
Is 1015151 a multiple of 75?
False
Is 287985 a multiple of 21?
False
Does 108 divide 296916?
False
Is 129 a factor of 20710176?
True
Is 31 a factor of 1670074?
False
Is 29410 a multiple of 173?
True
Does 144 divide 91728?
True
Does 17 divide 477272?
False
Is 181071 a multiple of 11?
True
Does 111 divide 5284867?
False
Is 247442 a multiple of 13?
True
Does 53 divide 1198118?
True
Is 39524 a multiple of 7?
False
Does 18 divide 98830?
False
Is 521425 a multiple of 25?
True
Does 54 divide 8696636?
False
Is 138700 a multiple of 365?
True
Does 6 divide 554095?
False
Does 949 divide 366314?
True
Is 1461000 a multiple of 300?
True
Does 109 divide 61608?
False
Does 44 divide 14916?
True
Does 106 divide 400256?
True
Is 178 a factor of 76540?
True
Is 958785 a multiple of 5?
True
Is 125 a factor of 593625?
True
Is 316862 a multiple of 5?
False
Does 502 divide 132528?
True
Does 70 divide 2711952?
False
Does 281 divide 652763?
True
Is 1319985 a multiple of 269?
False
Is 96 a factor of 212544?
True
Is 93 a factor of 4092?
True
Does 139 divide 975765?
False
Does 165 divide 50325?
True
Is 1886112 a multiple of 54?
True
Is 121 a factor of 213202?
True
Is 135 a factor of 581310?
True
Does 9 divide 284373?
True
Is 70 a factor of 315000?
True
Is 158 a factor of 108072?
True
Is 1345960 a multiple of 77?
True
Is 11796612 a multiple of 11?
False
Is 6198500 a multiple of 70?
True
Is 313963 a multiple of 12?
False
Does 14 divide 11313164?
False
Does 96 divide 468141?
False
Is 37183 a multiple of 2?
False
Is 245 a factor of 741307?
False
Does 190 divide 4516342?
False
Does 34 divide 3883874?
False
Does 841 divide 2170621?
True
Is 27 a factor of 39656?
False
Does 20 divide 987620?
True
Is 1909507 a multiple of 45?
False
Is 458926 a multiple of 134?
False
Is 2719329 a multiple of 51?
False
Is 1663672 a multiple of 202?
True
Is 3790023 a multiple of 10?
False
Does 672 divide 691488?
True
Is 354 a factor of 2866692?
True
Is 242 a multiple of 4?
False
Is 918 a factor of 2075940?
False
Is 5929499 a multiple of 116?
False
Does 2 divide 200411?
False
Does 350 divide 1038100?
True
Does 57 divide 2858?
False
Is 25 a factor of 126825?
True
Is 119 a factor of 398478?
False
Does 392 divide 760088?
True
Is 8614486 a multiple of 27?
False
Does 54 divide 145638?
True
Does 100 divide 7262956?
False
Is 400 a factor of 8211533?
False
Is 1618519 a multiple of 469?
True
Is 64 a factor of 172224?
True
Does 50 divide 134593?
False
Is 857302 a multiple of 328?
False
Is 402 a factor of 81204?
True
Is 188 a factor of 19928?
True
Is 19875 a multiple of 3?
True
Is 3613 a multiple of 2?
False
Is 120888 a multiple of 92?
True
Is 148 a factor of 352140?
False
Is 204 a factor of 13848880?
False
Does 193 divide 25669?
True
Is 17464 a multiple of 5?
False
Does 54 divide 146988?
True
Is 94535 a multiple of 511?
True
Does 16 divide 288880?
True
Is 13867930 a multiple of 249?
False
Is 3123041 a multiple of 83?
True
Is 2473976 a multiple of 100?
False
Does 418 divide 404206?
True
Is 649 a factor of 19392120?
True
Is 164 a factor of 4539684?
True
Is 109361 a multiple of 230?
False
Is 2 a factor of 1028800?
True
Does 32 divide 2065600?
True
Is 84 a factor of 59192?
False
Is 1802500 a multiple of 250?
True
Does 344 divide 2032305?
False
Is 11770770 a multiple of 11?
True
Is 4 a factor of 4477?
False
Is 2815 a multiple of 2?
False
Is 92942 a multiple of 8?
False
Is 27 a factor of 17982?
True
Does 173 divide 3935123?
False
Is 36 a factor of 3734?
False
Does 13 divide 459037?
False
Is 92 a factor of 1275770?
False
Does 119 divide 211415?
False
Does 42 divide 183708?
True
Is 729100 a multiple of 89?
False
Is 18 a factor of 1191581?
False
Is 22 a factor of 6642196?
True
Is 3317 a multiple of 5?
False
Is 48187 a multiple of 19?
False
Is 33 a factor of 7100379?
True
Is 12861 a multiple of 13?
False
Is 40 a factor of 334000?
True
Is 129370 a multiple of 85?
True
Is 26385 a multiple of 47?
False
Is 5 a factor of 39157?
False
Does 590 divide 5046358?
False
Is 1360793 a multiple of 9?
False
Is 483 a factor of 146349?
True
Is 520 a factor of 332800?
True
Is 4 a factor of 187340?
True
Does 1788 divide 1237296?
True
Is 912689 a multiple of 133?
False
Does 116 divide 238161?
False
Is 1893850 a multiple of 50?
True
Does 1771 divide 13346926?
False
Is 9417860 a multiple of 20?
True
Is 255411 a multiple of 52?
False
Does 8 divide 1606200?
True
Is 32 a factor of 299507?
False
Is 238548 a multiple of 6?
True
Is 671 a factor of 1434468?
False
Is 67 a factor of 184829?
False
Is 27 a factor of 414990?
True
Is 20067531 a multiple of 51?
True
Does 55 divide 907782?
False
Is 1736048 a multiple of 26?
False
Is 72219 a multiple of 21?
True
Does 76 divide 222584?
False
Does 28 divide 1072624?
True
Does 186 divide 781386?
True
Is 913 a factor of 360671?
False
Does 4 divide 269416?
True
Is 289530 a multiple of 115?
False
Is 3865497 a multiple of 157?
True
Does 46 divide 230036?
False
Is 345 a factor of 206160?
False
Is 242305 a multiple of 161?
True
Is 323243 a multiple of 141?
False
Is 3267762 a multiple of 28?
False
Is 23898 a multiple of 35?
False
Does 429 divide 4377458?
False
Does 14 divide 2865?
False
Is 318786 a multiple of 78?
True
Is 30 a factor of 854160?
True
Is 23415 a multiple of 182?
False
Does 33 divide 18952995?
False
Is 14 a factor of 138513?
False
Is 74403 a multiple of 9?
True
Does 57 divide 164331?
True
Is 143 a factor of 225940?
True
Is 22 a factor of 590608?
False
Is 348 a factor of 908048?
False
Does 9 divide 2367?
True
Is 20 a factor of 126237?
False
Does 34 divide 366005?
False
Is 310223 a multiple of 12?
False
Is 845336 a multiple of 196?
False
Does 2 divide 54926?
True
Is 102 a factor of 1924455?
False
Is 161 a factor of 64712?
False
Is 233859 a multiple of 142?
False
Is 261 a factor of 13642731?
True
Is 2993664 a multiple of 612?
False
Is 198 a factor of 1044815?
False
Is 389 a factor of 6649825?
False
Is 44 a factor of 10376564?
True
Is 787556 a multiple of 425?
False
Is 86064 a multiple of 12?
True
Does 2 divide 33820?
True
Does 4 divide 650624?
True
Is 331875 a multiple of 13?
False
Is 32 a factor of 4601119?
False
Does 192 divide 8221632?
True
Is 3098852 a multiple of 167?
True
Is 2328963 a multiple of 19?
True
Does 1265 divide 8137966?
False
Is 5 a factor of 6345?
True
Is 403 a factor of 1573329?
False
Is 2370175 a multiple of 184?
False
Does 115 divide 3389236?
False
Is 14 a factor of 15228948?
True
Does 90 divide 31680?
True
Does 308 divide 2667280?
True
Is 19 a factor of 195529?
True
Is 26 a factor of 10475088?
True
Is 463392 a multiple of 11?
False
Is 67 a factor of 65652?
False
Is 83941 a multiple of 13?
True
Is 39 a factor of 873834?
True
Does 279 divide 135036?
True
Is 14797296 a multiple of 9?
True
Is 242831 a multiple of 120?
False
Is 124 a factor of 2400679?
False
Is 22 a factor of 11639?
False
Is 139 a fa